{"id":3484,"date":"2023-11-30T12:08:41","date_gmt":"2023-11-30T12:08:41","guid":{"rendered":"https:\/\/www.mercepomar.com\/avis-legal\/"},"modified":"2024-02-01T08:40:19","modified_gmt":"2024-02-01T08:40:19","slug":"avis-legal","status":"publish","type":"page","link":"https:\/\/www.mercepomar.com\/ca\/avis-legal\/","title":{"rendered":"Aviso Legal-3"},"content":{"rendered":"<p class=\"font_8 wixui-rich-text__text\">MERCEPOMARESPAI Centre Privat de Mediaci\u00f3 i Despatx d&#8217;advocats multidisciplinar on prestem assessorament legal especialitzat a les persones f\u00edsiques o empreses on som conscients de la gran transcend\u00e8ncia de la privadesa i seguretat dels nostres usuaris, aix\u00ed com de les seves dades personals. Per aix\u00f2, hem establert i adoptat la seg\u00fcent pol\u00edtica de privadesa, la qual descriu com recopilem, utilitzem, revelem, protegim i conservem tota la informaci\u00f3 que obtenim dels usuaris que visiten o utilitzen els nostres serveis en l\u00ednia, aix\u00ed com detalla quines s\u00f3n les eines per controlar el compliment per part de la nostra empresa d&#8217;aquesta pol\u00edtica de privadesa.<\/p>\n<p class=\"font_8 wixui-rich-text__text\"><br class=\"wixui-rich-text__text\">Tot aix\u00f2 per assegurar que les seves dades s\u00f3n tractades i usades de forma responsable i en compliment de les lleis de protecci\u00f3 de dades i pol\u00edtiques de privadesa vigents.<\/p>\n<p class=\"font_8 wixui-rich-text__text\">\n<p class=\"font_8 wixui-rich-text__text\">La web de MERCEPOMARESPAI t\u00e9 car\u00e0cter merament informatiu, per la qual cosa el contingut podr\u00e0 ser modificat, ampliat o suprimit en qualsevol moment, sense av\u00eds previ.<\/p>\n<p class=\"font_8 wixui-rich-text__text\"><br class=\"wixui-rich-text__text\">L&#8217;\u00fas del web de MERCEPOMARESPAI no suposar\u00e0 en cap cas, l&#8217;establiment de cap mena de relaci\u00f3 entre l&#8217;usuari i MERCEPOMARESPAI, que en tot cas de donar-se, s&#8217;haur\u00e0 de formalitzar de manera escrita.<\/p>\n<p class=\"font_8 wixui-rich-text__text\"><br class=\"wixui-rich-text__text\">El present lloc web \u00e9s propietat MERCEPOMARESPAI. Queda prohibida la seva reproducci\u00f3 total o parcial sense l&#8217;autoritzaci\u00f3 expressa de MERCEPOMARESPAI. La reproducci\u00f3, c\u00f2pia, \u00fas, distribuci\u00f3, comercialitzaci\u00f3, comunicaci\u00f3 p\u00fablica o qualsevol altra activitat que es pugui dur a terme amb la informaci\u00f3 continguda a aquesta p\u00e0gina web i que es faci sense autoritzaci\u00f3 expressa per part de MERCEPOMARESPAI, \u00e9s una infracci\u00f3 que castiga la legislaci\u00f3 vigent. Els noms i els logotips exposats en aquesta p\u00e0gina s\u00f3n marques comercials registrades, propietat de MERCEPOMARESPAI.<\/p>\n<p class=\"font_8 wixui-rich-text__text\">\n<p class=\"font_8 wixui-rich-text__text\">MERCEPOMARESPAI rebutja tota responsabilitat que es derivi de la mala utilitzaci\u00f3 dels continguts exposats en aquesta p\u00e0gina i es reserva el dret a actualitzar-los, eliminar-los, establir limitacions o restringir-ne l&#8217;acc\u00e9s en qualsevol moment, de manera temporal o permanent.<\/p>\n<p class=\"font_8 wixui-rich-text__text\"><br class=\"wixui-rich-text__text\">MERCEPOMARESPAI rebutja les responsabilitats que es puguin derivar de qualsevol informaci\u00f3 no continguda en aquesta p\u00e0gina web. En concret, rebutja la responsabilitat sobre la informaci\u00f3 continguda a p\u00e0gines web de terceres persones connectades mitjan\u00e7ant enlla\u00e7os (links), amb la p\u00e0gina web de MERCEPOMARESPAI .<\/p>\n<p class=\"font_8 wixui-rich-text__text\"><br class=\"wixui-rich-text__text\"><span class=\"wixui-rich-text__text\">Recull i \u00fas d&#8217;informaci\u00f3<\/span><\/p>\n<p class=\"font_8 wixui-rich-text__text\"><br class=\"wixui-rich-text__text\">MERCEPOMARESPAI recopilem la informaci\u00f3 i les dades necess\u00e0ries per poder processar les sol\u00b7licituds que rebem a trav\u00e9s dels formularis en l\u00ednia del nostre lloc web, a trav\u00e9s de consultes telef\u00f2niques, o emails, depenent de la informaci\u00f3 que se&#8217;ns faciliti.<\/p>\n<p class=\"font_8 wixui-rich-text__text\"><br class=\"wixui-rich-text__text\">De la mateixa manera, quan els usuaris es registrin o completin formularis ubicats al nostre lloc web, recopilarem la informaci\u00f3 personal que inclou nom, adre\u00e7a de correu electr\u00f2nic, adre\u00e7a f\u00edsica, tel\u00e8fon i altra informaci\u00f3 necess\u00e0ria per processar la seva sol\u00b7licitud o consultes, per a la deguda prestaci\u00f3 del servei ofert. Aix\u00f2 no obstant, sempre estar\u00e0 en disposici\u00f3 de negar-se a informar sobre les seves dades identificatives, amb la conseq\u00fc\u00e8ncia de no poder dur a terme el tr\u00e0mit de qu\u00e8 es tracti.<\/p>\n<p class=\"font_8 wixui-rich-text__text\"><br class=\"wixui-rich-text__text\">MERCEPOMARESPAI no es fa responsable dels possibles errors de seguretat que es puguin produir pel fet d&#8217;utilitzar ordinadors infectats amb virus inform\u00e0tics o de les conseq\u00fc\u00e8ncies que es puguin derivar del mal funcionament del navegador o per l&#8217;\u00fas de versions no actualitzades d&#8217;aquest.<\/p>\n<p class=\"font_8 wixui-rich-text__text\">\n<p class=\"font_8 wixui-rich-text__text\"><span class=\"wixui-rich-text__text\">Divulgaci\u00f3 i cessi\u00f3 d&#8217;informaci\u00f3<\/span><\/p>\n<p class=\"font_8 wixui-rich-text__text\">\n<p class=\"font_8 wixui-rich-text__text\">Ens responsabilitzem i comprometem a no revelar, compartir ni transferir informaci\u00f3 personal dels nostres usuaris quan aix\u00f2 no sigui necessari per a la prestaci\u00f3 adequada del servei ofert, excepte<br class=\"wixui-rich-text__text\">quan se&#8217;ns sol\u00b7liciti expl\u00edcitament o s&#8217;autoritzi, o quan sigui necessari per complir amb una ordre judicial o per protegir els nostres drets i propietat.<\/p>\n<p class=\"font_8 wixui-rich-text__text\"><br class=\"wixui-rich-text__text\">Les dades personals que ens proporcioneu seran registrades a la base de dades de MERCEPOMARESPAI sota la seva exclusiva responsabilitat, i aquestes seran tractades de forma confidencial i romandran als nostres fitxers durant el temps que el vostre compte estigui activa o b\u00e9 fins que ens sol\u00b7liciti un canvi en el tractament de les vostres dades, o la llei ho requereixi. Ens assegurarem en tot cas de salvaguardar la confidencialitat de les seves dades de car\u00e0cter personal i que siguin tractades de manera responsable i respectant les lleis sobre protecci\u00f3 de dades vigents a la Uni\u00f3 Europea.<\/p>\n<p class=\"font_8 wixui-rich-text__text\"><br class=\"wixui-rich-text__text\">Els usuaris del nostre lloc web tenen dret a accedir, revisar, corregir, actualitzar o eliminar la informaci\u00f3 personal que hagin proporcionat en qualsevol moment. A m\u00e9s, tamb\u00e9 poden optar per no rebre correus electr\u00f2nics, publicitat i ofertes o informaci\u00f3 no desitjada, en qualsevol moment del proc\u00e9s enviant una sol\u00b7licitud o fent clic a l&#8217;opci\u00f3 de cancel\u00b7lar subscripci\u00f3 als nostres correus electr\u00f2nics. Per tant, si us enviem informaci\u00f3 que no heu sol\u00b7licitat de forma expressa, us facilitarem l&#8217;opci\u00f3 per escollir el tipus de comunicacions que voleu rebre des d&#8217;on podreu tenir control absolut sobre el tipus de comunicacions que voleu rebre.<\/p>\n<p class=\"font_8 wixui-rich-text__text\"><br class=\"wixui-rich-text__text\"><span class=\"wixui-rich-text__text\">Modificacions de la pol\u00edtica de privadesa<\/span><\/p>\n<p class=\"font_8 wixui-rich-text__text\"><br class=\"wixui-rich-text__text\">Ens reservem el dret de canviar o actualitzar aquesta pol\u00edtica de privadesa en qualsevol moment. Si fem canvis significatius a la manera com recopilem, utilitzem o divulguem la informaci\u00f3 personal, ho notificarem als usuaris a trav\u00e9s del nostre lloc web o per correu electr\u00f2nic.<\/p>\n<p class=\"font_8 wixui-rich-text__text\"><br class=\"wixui-rich-text__text\">Si teniu preguntes, comentaris o inquietuds sobre la nostra pol\u00edtica de privadesa, no dubteu a posar-vos en contacte amb nosaltres. Podeu oposar-vos o canviar de prefer\u00e8ncies respecte al tractament de les vostres dades en qualsevol moment exercitant el vostre dret d&#8217;acc\u00e9s, rectificaci\u00f3, portabilitat, cancel\u00b7laci\u00f3 i oposici\u00f3 mitjan\u00e7ant comunicaci\u00f3 escrita a l&#8217;adre\u00e7a de correu electr\u00f2nic. Podeu adre\u00e7ar-vos tamb\u00e9 a l&#8217;Ag\u00e8ncia Espanyola de Protecci\u00f3 de Dades (www.agpd.es) per realitzar qualsevol gesti\u00f3 relacionada amb la protecci\u00f3 de les vostres dades.<\/p>\n<p class=\"font_8 wixui-rich-text__text\"><br class=\"wixui-rich-text__text\"><span class=\"wixui-rich-text__text\">Agra\u00efm la lectura conscient de la nostra pol\u00edtica de privadesa, i esperem que aquesta pugui resultar \u00fatil per garantir la confian\u00e7a en la nostra entitat en relaci\u00f3 amb la protecci\u00f3 de les seves dades personals.<\/span><\/p>\n","protected":false},"excerpt":{"rendered":"<p>MERCEPOMARESPAI Centre Privat de Mediaci\u00f3 i Despatx d&#8217;advocats multidisciplinar on prestem assessorament legal especialitzat a les persones f\u00edsiques o empreses on som conscients de la gran transcend\u00e8ncia de la privadesa i seguretat dels nostres usuaris, aix\u00ed com de les seves dades personals. Per aix\u00f2, hem establert i adoptat la seg\u00fcent pol\u00edtica de privadesa, la qual [&hellip;]<\/p>\n","protected":false},"author":1,"featured_media":0,"parent":0,"menu_order":0,"comment_status":"closed","ping_status":"closed","template":"","meta":{"inline_featured_image":false,"footnotes":""},"class_list":["post-3484","page","type-page","status-publish","hentry"],"_links":{"self":[{"href":"https:\/\/www.mercepomar.com\/ca\/wp-json\/wp\/v2\/pages\/3484"}],"collection":[{"href":"https:\/\/www.mercepomar.com\/ca\/wp-json\/wp\/v2\/pages"}],"about":[{"href":"https:\/\/www.mercepomar.com\/ca\/wp-json\/wp\/v2\/types\/page"}],"author":[{"embeddable":true,"href":"https:\/\/www.mercepomar.com\/ca\/wp-json\/wp\/v2\/users\/1"}],"replies":[{"embeddable":true,"href":"https:\/\/www.mercepomar.com\/ca\/wp-json\/wp\/v2\/comments?post=3484"}],"version-history":[{"count":0,"href":"https:\/\/www.mercepomar.com\/ca\/wp-json\/wp\/v2\/pages\/3484\/revisions"}],"wp:attachment":[{"href":"https:\/\/www.mercepomar.com\/ca\/wp-json\/wp\/v2\/media?parent=3484"}],"curies":[{"name":"wp","href":"https:\/\/api.w.org\/{rel}","templated":true}]}}

<p class="font_8 wixui-rich-text__text">MERCEPOMARESPAI Centre Privat de Mediació i Despatx d&#8217;advocats multidisciplinar on prestem assessorament legal especialitzat a les persones físiques o empreses on som conscients de la gran transcendència de la privadesa i seguretat dels nostres usuaris, així com de les seves dades personals. Per això, hem establert i adoptat la següent política de privadesa, la qual descriu com recopilem, utilitzem, revelem, protegim i conservem tota la informació que obtenim dels usuaris que visiten o utilitzen els nostres serveis en línia, així com detalla quines són les eines per controlar el compliment per part de la nostra empresa d&#8217;aquesta política de privadesa.</p>
<p class="font_8 wixui-rich-text__text"><br class="wixui-rich-text__text">Tot això per assegurar que les seves dades són tractades i usades de forma responsable i en compliment de les lleis de protecció de dades i polítiques de privadesa vigents.</p>
<p class="font_8 wixui-rich-text__text">
<p class="font_8 wixui-rich-text__text">La web de MERCEPOMARESPAI té caràcter merament informatiu, per la qual cosa el contingut podrà ser modificat, ampliat o suprimit en qualsevol moment, sense avís previ.</p>
<p class="font_8 wixui-rich-text__text"><br class="wixui-rich-text__text">L&#8217;ús del web de MERCEPOMARESPAI no suposarà en cap cas, l&#8217;establiment de cap mena de relació entre l&#8217;usuari i MERCEPOMARESPAI, que en tot cas de donar-se, s&#8217;haurà de formalitzar de manera escrita.</p>
<p class="font_8 wixui-rich-text__text"><br class="wixui-rich-text__text">El present lloc web és propietat MERCEPOMARESPAI. Queda prohibida la seva reproducció total o parcial sense l&#8217;autorització expressa de MERCEPOMARESPAI. La reproducció, còpia, ús, distribució, comercialització, comunicació pública o qualsevol altra activitat que es pugui dur a terme amb la informació continguda a aquesta pàgina web i que es faci sense autorització expressa per part de MERCEPOMARESPAI, és una infracció que castiga la legislació vigent. Els noms i els logotips exposats en aquesta pàgina són marques comercials registrades, propietat de MERCEPOMARESPAI.</p>
<p class="font_8 wixui-rich-text__text">
<p class="font_8 wixui-rich-text__text">MERCEPOMARESPAI rebutja tota responsabilitat que es derivi de la mala utilització dels continguts exposats en aquesta pàgina i es reserva el dret a actualitzar-los, eliminar-los, establir limitacions o restringir-ne l&#8217;accés en qualsevol moment, de manera temporal o permanent.</p>
<p class="font_8 wixui-rich-text__text"><br class="wixui-rich-text__text">MERCEPOMARESPAI rebutja les responsabilitats que es puguin derivar de qualsevol informació no continguda en aquesta pàgina web. En concret, rebutja la responsabilitat sobre la informació continguda a pàgines web de terceres persones connectades mitjançant enllaços (links), amb la pàgina web de MERCEPOMARESPAI .</p>
<p class="font_8 wixui-rich-text__text"><br class="wixui-rich-text__text"><span class="wixui-rich-text__text">Recull i ús d&#8217;informació</span></p>
<p class="font_8 wixui-rich-text__text"><br class="wixui-rich-text__text">MERCEPOMARESPAI recopilem la informació i les dades necessàries per poder processar les sol·licituds que rebem a través dels formularis en línia del nostre lloc web, a través de consultes telefòniques, o emails, depenent de la informació que se&#8217;ns faciliti.</p>
<p class="font_8 wixui-rich-text__text"><br class="wixui-rich-text__text">De la mateixa manera, quan els usuaris es registrin o completin formularis ubicats al nostre lloc web, recopilarem la informació personal que inclou nom, adreça de correu electrònic, adreça física, telèfon i altra informació necessària per processar la seva sol·licitud o consultes, per a la deguda prestació del servei ofert. Això no obstant, sempre estarà en disposició de negar-se a informar sobre les seves dades identificatives, amb la conseqüència de no poder dur a terme el tràmit de què es tracti.</p>
<p class="font_8 wixui-rich-text__text"><br class="wixui-rich-text__text">MERCEPOMARESPAI no es fa responsable dels possibles errors de seguretat que es puguin produir pel fet d&#8217;utilitzar ordinadors infectats amb virus informàtics o de les conseqüències que es puguin derivar del mal funcionament del navegador o per l&#8217;ús de versions no actualitzades d&#8217;aquest.</p>
<p class="font_8 wixui-rich-text__text">
<p class="font_8 wixui-rich-text__text"><span class="wixui-rich-text__text">Divulgació i cessió d&#8217;informació</span></p>
<p class="font_8 wixui-rich-text__text">
<p class="font_8 wixui-rich-text__text">Ens responsabilitzem i comprometem a no revelar, compartir ni transferir informació personal dels nostres usuaris quan això no sigui necessari per a la prestació adequada del servei ofert, excepte<br class="wixui-rich-text__text">quan se&#8217;ns sol·liciti explícitament o s&#8217;autoritzi, o quan sigui necessari per complir amb una ordre judicial o per protegir els nostres drets i propietat.</p>
<p class="font_8 wixui-rich-text__text"><br class="wixui-rich-text__text">Les dades personals que ens proporcioneu seran registrades a la base de dades de MERCEPOMARESPAI sota la seva exclusiva responsabilitat, i aquestes seran tractades de forma confidencial i romandran als nostres fitxers durant el temps que el vostre compte estigui activa o bé fins que ens sol·liciti un canvi en el tractament de les vostres dades, o la llei ho requereixi. Ens assegurarem en tot cas de salvaguardar la confidencialitat de les seves dades de caràcter personal i que siguin tractades de manera responsable i respectant les lleis sobre protecció de dades vigents a la Unió Europea.</p>
<p class="font_8 wixui-rich-text__text"><br class="wixui-rich-text__text">Els usuaris del nostre lloc web tenen dret a accedir, revisar, corregir, actualitzar o eliminar la informació personal que hagin proporcionat en qualsevol moment. A més, també poden optar per no rebre correus electrònics, publicitat i ofertes o informació no desitjada, en qualsevol moment del procés enviant una sol·licitud o fent clic a l&#8217;opció de cancel·lar subscripció als nostres correus electrònics. Per tant, si us enviem informació que no heu sol·licitat de forma expressa, us facilitarem l&#8217;opció per escollir el tipus de comunicacions que voleu rebre des d&#8217;on podreu tenir control absolut sobre el tipus de comunicacions que voleu rebre.</p>
<p class="font_8 wixui-rich-text__text"><br class="wixui-rich-text__text"><span class="wixui-rich-text__text">Modificacions de la política de privadesa</span></p>
<p class="font_8 wixui-rich-text__text"><br class="wixui-rich-text__text">Ens reservem el dret de canviar o actualitzar aquesta política de privadesa en qualsevol moment. Si fem canvis significatius a la manera com recopilem, utilitzem o divulguem la informació personal, ho notificarem als usuaris a través del nostre lloc web o per correu electrònic.</p>
<p class="font_8 wixui-rich-text__text"><br class="wixui-rich-text__text">Si teniu preguntes, comentaris o inquietuds sobre la nostra política de privadesa, no dubteu a posar-vos en contacte amb nosaltres. Podeu oposar-vos o canviar de preferències respecte al tractament de les vostres dades en qualsevol moment exercitant el vostre dret d&#8217;accés, rectificació, portabilitat, cancel·lació i oposició mitjançant comunicació escrita a l&#8217;adreça de correu electrònic. Podeu adreçar-vos també a l&#8217;Agència Espanyola de Protecció de Dades (www.agpd.es) per realitzar qualsevol gestió relacionada amb la protecció de les vostres dades.</p>
<p class="font_8 wixui-rich-text__text"><br class="wixui-rich-text__text"><span class="wixui-rich-text__text">Agraïm la lectura conscient de la nostra política de privadesa, i esperem que aquesta pugui resultar útil per garantir la confiança en la nostra entitat en relació amb la protecció de les seves dades personals.</span></p>

<p>MERCEPOMARESPAI Centre Privat de Mediació i Despatx d&#8217;advocats multidisciplinar on prestem assessorament legal especialitzat a les persones físiques o empreses on som conscients de la gran transcendència de la privadesa i seguretat dels nostres usuaris, així com de les seves dades personals. Per això, hem establert i adoptat la següent política de privadesa, la qual [&hellip;]</p>
